
Is 34 a factor of 1802?
True
Is 61 a factor of 8682?
False
Is 100470 a multiple of 7?
False
Is 19750 a multiple of 125?
True
Does 8 divide 11704?
True
Does 11 divide 8616?
False
Does 29 divide 986?
True
Is 1395 a multiple of 37?
False
Is 31 a factor of 482?
False
Does 99 divide 10160?
False
Is 7 a factor of 17178?
True
Is 76 a factor of 3572?
True
Does 88 divide 6994?
False
Is 43 a factor of 1648?
False
Is 322 a multiple of 14?
True
Is 15148 a multiple of 231?
False
Is 126 a multiple of 53?
False
Is 8516 a multiple of 4?
True
Is 35 a factor of 4354?
False
Is 75 a factor of 4308?
False
Is 67 a factor of 2479?
True
Is 6015 a multiple of 15?
True
Does 26 divide 2527?
False
Is 67 a factor of 14301?
False
Is 83 a factor of 2324?
True
Is 65 a factor of 1218?
False
Is 1160 a multiple of 96?
False
Is 20 a factor of 860?
True
Does 190 divide 91453?
False
Is 444 a factor of 33257?
False
Is 283 a multiple of 16?
False
Is 38 a factor of 114?
True
Is 73 a factor of 208?
False
Is 572 a multiple of 13?
True
Does 28 divide 12972?
False
Is 93 a factor of 10572?
False
Is 1763 a multiple of 6?
False
Is 135 a factor of 9315?
True
Does 14 divide 3662?
False
Is 22 a factor of 32820?
False
Does 13 divide 21048?
False
Is 45 a factor of 220?
False
Is 8 a factor of 5960?
True
Does 21 divide 473?
False
Does 49 divide 1105?
False
Is 12 a factor of 2800?
False
Is 46419 a multiple of 17?
False
Does 33 divide 22198?
False
Is 171 a multiple of 3?
True
Is 75 a factor of 2881?
False
Is 11401 a multiple of 10?
False
Is 2302 a multiple of 15?
False
Is 5 a factor of 2986?
False
Is 7900 a multiple of 32?
False
Is 91 a factor of 11011?
True
Is 249 a multiple of 3?
True
Does 25 divide 985?
False
Is 214 a factor of 19216?
False
Is 10 a factor of 1560?
True
Is 42 a factor of 29358?
True
Is 586 a multiple of 6?
False
Is 59 a factor of 4546?
False
Does 9 divide 81?
True
Is 18392 a multiple of 44?
True
Is 31 a factor of 4565?
False
Is 882 a multiple of 8?
False
Is 21 a factor of 2398?
False
Is 804 a multiple of 4?
True
Does 82 divide 7134?
True
Is 22 a factor of 10959?
False
Is 243 a multiple of 37?
False
Is 14850 a multiple of 6?
True
Does 25 divide 575?
True
Does 8 divide 168?
True
Is 62 a factor of 3376?
False
Is 14 a factor of 26334?
True
Does 21 divide 1492?
False
Is 27 a factor of 1706?
False
Is 43 a factor of 7826?
True
Does 22 divide 1076?
False
Does 32 divide 288?
True
Does 190 divide 6030?
False
Does 2 divide 46?
True
Is 34 a factor of 115406?
False
Is 13112 a multiple of 22?
True
Is 114 a factor of 15276?
True
Is 11 a factor of 110?
True
Is 40 a factor of 16200?
True
Is 25340 a multiple of 28?
True
Does 34 divide 127?
False
Is 40 a factor of 3480?
True
Is 53 a factor of 587?
False
Is 176 a multiple of 22?
True
Does 145 divide 30305?
True
Does 36 divide 24385?
False
Does 3 divide 4029?
True
Is 36 a factor of 1482?
False
Is 10362 a multiple of 66?
True
Is 172 a multiple of 43?
True
Is 3740 a multiple of 68?
True
Is 324 a multiple of 14?
False
Does 14 divide 46?
False
Is 756 a multiple of 42?
True
Does 11 divide 547?
False
Does 70 divide 2100?
True
Does 14 divide 70?
True
Is 72 a factor of 23074?
False
Does 89 divide 10413?
True
Is 195 a multiple of 10?
False
Is 3876 a multiple of 114?
True
Does 6 divide 144?
True
Does 6 divide 6066?
True
Is 13365 a multiple of 17?
False
Does 51 divide 184?
False
Is 306 a multiple of 24?
False
Is 944 a multiple of 8?
True
Does 6 divide 1616?
False
Does 176 divide 10384?
True
Does 229 divide 51846?
False
Does 241 divide 58081?
True
Is 79 a factor of 6636?
True
Does 11 divide 206?
False
Is 757 a multiple of 6?
False
Does 38 divide 5586?
True
Is 804 a multiple of 6?
True
Does 7 divide 1295?
True
Does 36 divide 288?
True
Is 28 a factor of 18564?
True
Does 82 divide 9587?
False
Is 686 even?
True
Is 34504 a multiple of 21?
False
Is 756 a multiple of 3?
True
Is 4860 a multiple of 162?
True
Is 110 a factor of 17380?
True
Is 12 a factor of 603?
False
Does 12 divide 5666?
False
Is 26 a factor of 89?
False
Does 66 divide 332?
False
Is 3 a factor of 1870?
False
Does 2 divide 21?
False
Is 3032 even?
True
Is 2790 a multiple of 15?
True
Is 731 a multiple of 100?
False
Is 3141 a multiple of 9?
True
Is 16 a factor of 3960?
False
Does 7 divide 810?
False
Is 52 a factor of 27560?
True
Is 17 a factor of 1526?
False
Is 21 a factor of 21819?
True
Is 24 a factor of 816?
True
Is 175 a multiple of 13?
False
Is 6025 a multiple of 4?
False
Does 90 divide 2529?
False
Is 1624 a multiple of 28?
True
Is 22 a factor of 29876?
True
Is 24 a factor of 240?
True
Is 225 a multiple of 5?
True
Is 275 a multiple of 59?
False
Is 4018 a multiple of 14?
True
Does 89 divide 396?
False
Is 12 a factor of 360?
True
Does 11 divide 7304?
True
Is 14 a factor of 242?
False
Is 542 a multiple of 8?
False
Does 39 divide 117?
True
Does 71 divide 9301?
True
Does 5 divide 29282?
False
Is 3 a factor of 1504?
False
Does 6 divide 1825?
False
Does 23 divide 71784?
False
Does 33 divide 36333?
True
Does 11 divide 6790?
False
Does 12 divide 16173?
False
Is 48590 a multiple of 86?
True
Is 28 a factor of 8621?
False
Does 18 divide 4498?
False
Does 8 divide 9120?
True
Is 825 a multiple of 55?
True
Is 145 a factor of 59015?
True
Is 616 a multiple of 76?
False
Is 52 a factor of 7800?
True
Does 292 divide 59278?
False
Is 26924 a multiple of 25?
False
Is 1300 a multiple of 6?
False
Does 172 divide 2924?
True
Is 9 a factor of 1899?
True
Is 28 a factor of 140?
True
Is 73 a factor of 1957?
False
Is 15 a factor of 1502?
False
Is 38 a factor of 2786?
False
Is 4378 a multiple of 11?
True
Does 29 divide 387?
False
Is 7 a factor of 505?
False
Is 338 a multiple of 13?
True
Is 1020 a multiple of 17?
True
Is 2271 a multiple of 69?
False
Does 9 divide 12024?
True
Does 49 divide 1230?
False
Is 89 a factor of 7209?
True
Does 87 divide 1314?
False
Does 2 divide 3782?
True
Is 137 a multiple of 25?
False
Is 45575 a multiple of 25?
True
Is 20 a factor of 880?
True
Is 7236 a multiple of 9?
True
Is 19 a factor of 7579?
False
Does 128 divide 40458?
False
Is 137 a multiple of 32?
False
Is 54 a factor of 2934?
False
Is 29 a factor of 83996?
False
Does 14 divide 9734?
False
Is 2261 a multiple of 17?
True
Does 42 divide 972?
False
Is 2 a factor of 1441?
False
Is 1057 a multiple of 27?
False
Does 15 divide 1530?
True
Is 37 a factor of 14258?
False
Does 10 divide 1720?
True
Is 2 a factor of 13?
False
Is 106 even?
True
Is 80 a factor of 6060?
False
Is 578 a multiple of 17?
True
Is 106 a factor of 5618?
True
Is 25 a factor of 25?
True
Is 67330 a multiple of 56?
False
Is 19468 a multiple of 19?
False
Is 10 a factor of 48540?
True
Does 68 divide 13075?
False
Is 43 a factor of 1591?
True
Is 252 a multiple of 12?
True
Does 3 divide 1203?
True
Is 14 a factor of 1095?
False
Is 25857 a multiple of 221?
True
Is 5 a factor of 352?
False
Is 46 a factor of 3626?
False
Is 20 a factor of 1250?
False
Does 5 divide 2513?
False
Does 30 divide 10980?
True
Is 9 a factor of 711?
True
Is 180 a multiple of 3?
True
Does 30 divide 69690?
True
Is 4862 a multiple of 11?
True
Does 5 divide 3712?
False
Is 9 a factor of 144?
True
Does 43 divide 34314?
True
Is 4 a factor of 50076?
True
Is 152 a factor of 49566?
False
Is 7 a factor of 5570?
False
Is 8 a factor of 1696?
True
Is 66 a factor of 1294?
False
Is 6 a factor of 10280?
False
Is 20424 a multiple of 142?
False
Is 12600 a multiple of 63?
True
Does 5 divide 903?
False
Is 478 a multiple of 5?
False
Does 34 divide 3774?
True
Is 1337 a multiple of 14?
False
Is 9332 a multiple of 4?
True
Is 16 a factor of 3293?
False
Is 14 a factor of 29758?
False
Is 11 a factor of 97?
False
Is 75 a factor of 27300?
True
Does 31 divide 1646?
False
Does 15 divide 18120?
True
Is 98 a multiple of 98?
True
Is 50 a factor of 150?
True
Does 18 divide 612?
True
Is 20 a factor of 280?
True
Is 2079 a multiple of 14?
False
Is 1800 a multiple of 75?
True
Is 22 a factor of 14569?
False
Is 32 a factor of 48300?
False
Is 21 a factor of 2895?
False
Is 5776 a multiple of 2?
True
Is 19300 a multiple of 20?
True
Is 11 a factor of 6468?
True
Is 99 a multiple of 30?
False
Is 17 a factor of 99?
False
Is 39 a factor of 5577?
True
Does 7 divide 10431?
False
Is 11 a factor of 26927?
False
Is 10 a factor of 1060?
True
Is 25920 a multiple of 72?
True
Is 31 a f